ime?
False
Is 3*(-3)/((-81)/362079) a composite number?
False
Let d(k) = -k**3 - 13*k**2 - 22*k. Let l be d(-10). Let s = 84 + l. Suppose -3 = -3*j, -3*v - s*j = -105 - 3982. Is v prime?
True
Suppose -5*s + k + 49447 = 5136, 3*s + 4*k = 26559. Is s prime?
True
Let c = 73 - -1221. Suppose 2*s - 5*r - 2543 = 0, -s + 2*r + c = 7*r. Is s prime?
True
Is (6854660/(-40))/((-15)/(-10))*-3 a composite number?
False
Let s be 4/(-14) + 738/(-63) + 10. Is s/(-3) - (-72870)/18 a composite number?
False
Suppose 379008 = 35*g - 1304177. Is g prime?
True
Let u = 59692 + -30165. Is u a prime number?
True
Let w = -52 + 57. Suppose 4*l - 1507 = -5*v, -8*l = -w*l - 3*v - 1164. Is l composite?
False
Let g be (-185)/222 - (-26698)/12. Let i(j) = j**3 - 4*j**2 + 2. Let n be i(4). Suppose 126 - g = -n*b. Is b composite?
False
Suppose 2*x - 9 = -y - 1, -3*x = -y - 22. Let m be (-40)/x*-21*(-12)/(-5). Is m - (4 - 0 - 3) a composite number?
True
Let d(j) = 8*j**2 - 5*j - 9. Let g = -3 - -10. Suppose -b = -g + 2. Is d(b) prime?
False
Let d(p) = -3*p + 19. Let b be d(-6). Suppose 0 = 3*l - f + b, -l = 2*l + 5*f + 67. Is (l/(-4) - 0)/(1/22) prime?
False
Let r(d) = 1643*d + 14. Let i = -189 + 190. Is r(i) composite?
False
Suppose -6 = 2*f - 102. Let y = 62 - f. Let m = 21 - y. Is m a prime number?
True
Let p = -5517 + 2803. Is (1 - (-2)/(-1))/(2/p) a composite number?
True
Is (-1)/(-11 - (-1362132)/123831) - 12 prime?
False
Suppose -40*j + 42*j = s + 140314, -2*j - 5*s = -140314. Is j prime?
True
Let g = 5196121 + -3024264. Is g a composite number?
False
Let z = -247215 + 364418. Is z a prime number?
True
Let b = -3170 + 5869. Is b prime?
True
Suppose 4*n + 3*v - 7*v = -4, 0 = n - 2*v + 6. Suppose 5*k + 0*f + 3*f = 343, 2*k - 126 = -n*f. Suppose 2*c - k = -3*o, o + 6*c = c + 41. Is o a prime number?
False
Suppose 2*y - 3*y = 2*m + 18621, -4*y - 4*m = 74476. Let n = 28480 + y. Is n a composite number?
True
Suppose -603 = -3*n + 198. Suppose 0 = -5*k + n - 12. Is 2*14*k/36*3 a prime number?
False
Suppose -5*y + 11*p - 16*p = -2046000, 5*y = 7*p + 2046084. Is y composite?
True
Suppose -51*j + 2 = -202. Let n(o) = -283*o + 15. Let p(i) = -1. Let a(m) = -n(m) - 4*p(m). Is a(j) composite?
True
Suppose 5*r - 392472 = 5*p - 88322, -p = 3*r - 182486. Is r a composite number?
True
Is 880/55 + 7*6297 a prime number?
False
Suppose 4*h - 5 = 3*h. Let a(n) = 13*n - h*n + 24 - 23 + n**3. Is a(6) a prime number?
False
Suppose -66*c = 23*c - 1074853. Is c prime?
False
Let g(r) = r**3 - 49*r**2 + 103*r - 30. Let d be g(47). Let n = d - -578. Is n prime?
True
Suppose 194019 = 89*u - 1779200. Is u a composite number?
False
Suppose 3*h = -p + 274890, -4*h - 125282 + 491800 = 2*p. Is h prime?
True
Let d = 345 + -282. Suppose 66*j - d*j = 3777. Is j composite?
False
Is (((-354)/4)/((-435)/(-356555)))/((-2)/4) a prime number?
False
Suppose 43692*a = 43708*a - 4999216. Is a a composite number?
False
Suppose 2*a = 2868 + 1346. Let r = -1341 + a. Is r composite?
True
Let w be (-9 + 10)*1*(1 - 7). Let k(h) = -12*h**3 - 3*h**2 + 26*h + 43. Is k(w) prime?
True
Suppose 0 = 7*x - 61480 - 17193. Is x a composite number?
False
Let s = 454899 + -238808. Is s prime?
True
Let j = -233 + 2034. Is j a prime number?
True
Let q = -37851 - -110314. Is q a composite number?
True
Let x(j) = 3303*j**2 - 17*j - 69. Is x(-5) a composite number?
False
Let u = 2028 + -772. Let j = 2591 + u. Is j a prime number?
True
Suppose -b + 2 = s, 0*b + 4 = -2*b. Suppose -5*k - 276 = -s*v - 92, 5*k - 224 = -4*v. Is v a prime number?
False
Let t be ((-99)/(-12) + 3)/(12/32). Is (-3)/18*-2 + 16940/t prime?
False
Let s(w) = 7406*w**2 - 36*w + 71. Is s(2) prime?
False
Let z be 54/(-405) + 1714/30. Let a = z + -57. Suppose a*y + 3*y - 4413 = 0. Is y a composite number?
False
Let w be ((-100)/60)/(1*(-1)/3). Suppose 0 = -2*d + 3*d - 3*z + 1010, -w*z = 5*d + 5030. Let b = -508 - d. Is b composite?
False
Let r = -24375 - -69106. Is r prime?
False
Let j be 8*(6 + 2 + -7). Suppose -j*s + 60415 + 59881 = 0. Is s prime?
False
Let u = -185975 - -262060. Is u a prime number?
False
Let u = -18 - -23. Suppose 2*c + u*b = 9502, 0 = -0*c - 4*c + 4*b + 19032. Let n = c + -3395. Is n a composite number?
False
Suppose -2*d = -4*c + 10, 0 = -4*c - 5*d + 5 - 2. Suppose -3*g + 1617 = 4*n - 1540, -2106 = -2*g - c*n. Is g prime?
False
Let s = 186 + -181. Suppose -5*a - s*j = -415, -3*a + j = -67 - 178. Is a prime?
False
Let i be 0/13 + 3 + -3. Let v(m) = 14*m**2 + 5*m + 5. Let p be v(6). Suppose i = q - 492 - p. Is q composite?
False
Let q = 82 - 82. Let l(d) = -1 - 19*d + 56*d + 36*d + q. Is l(6) a composite number?
True
Let g be (-22)/(-88) + (-46)/(-8). Let c be 3 - (-4 + 1 + g/2). Suppose -w + 3191 = c*j + w, 2*j - 2124 = -2*w. Is j composite?
True
Let o(g) = 426*g**2 + 22*g + 303. Is o(-14) a composite number?
True
Let h(a) = -1. Let f(m) = 359*m + 7. Let g(c) = f(c) + 6*h(c). Suppose 3*z - d = 11, -4*z - 29*d = -31*d - 18. Is g(z) a composite number?
False
Let f = -1024 + 2014. Let z = 2029 - f. Is z prime?
True
Let p(o) = 14*o**2 + 11*o - 17. Let x(w) = w**3 - 5*w**2 - w + 12. Let q be x(5). Is p(q) prime?
False
Let p(j) = 1916*j**3 + 6*j**2 - 6*j + 6. Let h be p(2). Let c = h - -3051. Is c prime?
True
Suppose 1777659 = 14*a - 1533635. Is a composite?
True
Suppose 2*q = 3*y - 553 - 2242, 2*q - 4669 = -5*y. Suppose -y*d = -940*d + 37499. Is d prime?
False
Suppose -3*i - 19 = -5*j - 7, j + i = -4. Suppose -12747 = -j*h - 2*h + g, 0 = -h + 3*g + 6386. Is h a prime number?
False
Let n(w) be the second derivative of 2*w**4/3 + w**3/6 + 13*w**2 + 5*w. Let o be n(8). Let c = 928 - o. Is c a composite number?
True
Let c = -163 - -167. Suppose 5*j - i - 3*i - 85205 = 0, i + 68164 = c*j. Is j prime?
True
Let h = -1454 + -480. Let v = h - -3693. Is v prime?
True
Is -12*(-12029 + -2) + (-8 - 377/(-29)) a prime number?
False
Suppose -316211 = -k - 5*m, 56*k - 55*k + 4*m - 316214 = 0. Is k composite?
True
Is 222122/12 + (5225/(-114))/(-55) prime?
False
Let l(c) = c**3 + 26*c**2 + 9*c + 7. Let m be l(-17). Suppose -7010 = -t + m. Suppose t = 5*g - 14890. Is g a prime number?
True
Suppose 0 = -29*p + 202873 - 25596. Let h = p - -220. Is h composite?
True
Suppose -3*s + 30610 = 5*r, 8*r - 6122 = 7*r + s. Let c = r + -4329. Is c a composite number?
True
Let d = 722 - 720. Suppose -4*x + 11*k - 6*k = -27811, -d*k = -2*x + 13908. Is x composite?
False
Suppose -39 = -5*p + 2*p. Suppose -32 = 5*v - p*v. Suppose 1749 = -w + v*w. Is w a composite number?
True
Let h = 73768 - 17427. Is h a prime number?
False
Let y(g) = 662*g**3 + g**2 - 11*g + 6. Let r be y(2). Suppose l + 3*u = r, 3*l = -11*u + 14*u + 15888. Is l a composite number?
True
Suppose 4*s = -p + 15, 3*p = 2*p + 2*s - 9. Let b = -7 - p. Let i(u) = -u**3 - 2*u**2 + 12*u - 5. Is i(b) composite?
False
Let x be (3 - -2)/(2/4). Let v = 13 - x. Suppose -s + 892 = -5*j - 15, -2657 = -v*s - j. Is s a prime number?
True
Let i(b) = -b - 4. Let j be i(-7). Suppose -6 = 3*c - j*q - 3, 4*q = 5*c. Suppose c + 98 = 2*n. Is n prime?
False
Let f be 2214/(-12)*(0/2 + -14). Suppose f = -2*c - c + i, -i - 3451 = 4*c. Let q = 1281 + c. Is q a prime number?
True
Let c(k) = 35 + 1349*k - 23 + 22 - 104. Is c(9) composite?
False
Let i(c) = -c**3 - 101*c**2 - 57*c + 3420. Is i(-121) a composite number?
True
Suppose -8 = 2*p - 2, 0 = x - 4*p - 60385. Is x a prime number?
True
Let i(o) be the first derivative of o**3/3 - 11*o**2/2 + 2*o + 21. Let w be i(11). Suppose -4*f + 1989 = -5*p, -2*f + 715 + 257 = w*p. Is f composite?
False
Let m = -191 + 96. Let y = 99 + m. Suppose 2593 = -2*i + 5*i + 5*f, -y*i + 3468 = 4*f. Is i composite?
True
Suppose 2*z + 5*q = 3 - 46, 2*q + 24 = -z. Is (-109)/((-32)/z + -1) composite?
True
Is 3*((-7654702)/(-33) - 13) prime?
True
Let p = 32546 - -224963. Is p composite?
True
Suppose 42*w = 410*w - 135542864. Is w a composite number?
False
Suppose 8*c - 36 = 4*c. Suppose 0 = c*p - 868 + 193. Suppose 4*l - 433 = p. Is l a prime number?
True
Suppose -q + 5*y = -26, 4*q - 5*q - 2 = 2*y. Is (-632328)/(-144) + (-1)/q composite?
False
Suppose 3*j - 82309 = 4*k, j + 5*k - 39338 = -11946. Is j a composite number?
False
Let y = 4971 + -2464. Let v = 7862 + -3792. Let l = v - y. Is l prime?
False
Suppose 182621 = -68*y